{"id":941,"date":"2023-01-17T10:22:00","date_gmt":"2023-01-17T10:22:00","guid":{"rendered":"https:\/\/frese-stiftung.de\/?page_id=941"},"modified":"2024-01-11T08:02:38","modified_gmt":"2024-01-11T08:02:38","slug":"preistraegerinnen-2022","status":"publish","type":"page","link":"https:\/\/frese-stiftung.de\/?page_id=941","title":{"rendered":"Preistr\u00e4ger:innen 2022"},"content":{"rendered":"\t\t<div data-elementor-type=\"wp-page\" data-elementor-id=\"941\" class=\"elementor elementor-941\">\n\t\t\t\t\t\t<section class=\"elementor-section elementor-top-section elementor-element elementor-element-53e9f66 elementor-section-boxed elementor-section-height-default elementor-section-height-default\" data-id=\"53e9f66\" data-element_type=\"section\" data-e-type=\"section\">\n\t\t\t\t\t\t<div class=\"elementor-container elementor-column-gap-default\">\n\t\t\t\t\t<div class=\"elementor-column elementor-col-100 elementor-top-column elementor-element elementor-element-571c190\" data-id=\"571c190\" data-element_type=\"column\" data-e-type=\"column\">\n\t\t\t<div class=\"elementor-widget-wrap\">\n\t\t\t\t\t\t\t<\/div>\n\t\t<\/div>\n\t\t\t\t\t<\/div>\n\t\t<\/section>\n\t\t\t\t<section class=\"elementor-section elementor-top-section elementor-element elementor-element-a729230 elementor-section-boxed elementor-section-height-default elementor-section-height-default\" data-id=\"a729230\" data-element_type=\"section\" data-e-type=\"section\">\n\t\t\t\t\t\t<div class=\"elementor-container elementor-column-gap-default\">\n\t\t\t\t\t<div class=\"elementor-column elementor-col-100 elementor-top-column elementor-element elementor-element-9378c95\" data-id=\"9378c95\" data-element_type=\"column\" data-e-type=\"column\">\n\t\t\t<div class=\"elementor-widget-wrap elementor-element-populated\">\n\t\t\t\t\t\t<div class=\"elementor-element elementor-element-71bf0a6 elementor-widget elementor-widget-heading\" data-id=\"71bf0a6\" data-element_type=\"widget\" data-e-type=\"widget\" data-widget_type=\"heading.default\">\n\t\t\t\t<div class=\"elementor-widget-container\">\n\t\t\t\t\t<h2 class=\"elementor-heading-title elementor-size-default\">Frese-Design-Preis 2022<\/h2>\t\t\t\t<\/div>\n\t\t\t\t<\/div>\n\t\t\t\t\t<\/div>\n\t\t<\/div>\n\t\t\t\t\t<\/div>\n\t\t<\/section>\n\t\t\t\t<section class=\"elementor-section elementor-top-section elementor-element elementor-element-adba7ef elementor-section-boxed elementor-section-height-default elementor-section-height-default\" data-id=\"adba7ef\" data-element_type=\"section\" data-e-type=\"section\">\n\t\t\t\t\t\t<div class=\"elementor-container elementor-column-gap-default\">\n\t\t\t\t\t<div class=\"elementor-column elementor-col-50 elementor-top-column elementor-element elementor-element-bfcfe5f\" data-id=\"bfcfe5f\" data-element_type=\"column\" data-e-type=\"column\">\n\t\t\t<div class=\"elementor-widget-wrap elementor-element-populated\">\n\t\t\t\t\t\t<div class=\"elementor-element elementor-element-dc1a9d5 elementor-widget elementor-widget-text-editor\" data-id=\"dc1a9d5\" data-element_type=\"widget\" data-e-type=\"widget\" data-widget_type=\"text-editor.default\">\n\t\t\t\t<div class=\"elementor-widget-container\">\n\t\t\t\t\t\t\t\t\t<div>Der Frese-Design-Preises 2022 ging an drei Absolvent:innen der Hochschule f\u00fcr K\u00fcnste Bremen.<br \/>29 Studierende zeigten ihre Abschlussarbeiten im BLG Forum.<\/div><div><strong><br \/>Die Preistr\u00e4gerinnen:<\/strong><\/div><div>1.Preis: \u2028Noriyuki Suzuki<br \/>(Digitale Medien, Master of Arts)\u2028<br \/>\u2028Titel Arbeit: Invisible Hand<br \/>5.000 Euro<\/div><div>\u00a0<\/div><div>\u20282. Preis Te I Um<p>(Integriertes Design, Master of Arts)\u2028 <br \/>Titel Arbeit: ChuChu and TuTu<br \/>3.000 Euro<\/p><p>3. Preis: Klara Linde\u2028<br \/>(Digitale Medien, Bachelor of Arts) \u2028<br \/>Titel Arbeit: Umbruch<br \/>2.000 Euro<\/p><\/div>\t\t\t\t\t\t\t\t<\/div>\n\t\t\t\t<\/div>\n\t\t\t\t\t<\/div>\n\t\t<\/div>\n\t\t\t\t<div class=\"elementor-column elementor-col-50 elementor-top-column elementor-element elementor-element-96c7ceb\" data-id=\"96c7ceb\" data-element_type=\"column\" data-e-type=\"column\">\n\t\t\t<div class=\"elementor-widget-wrap elementor-element-populated\">\n\t\t\t\t\t\t<div class=\"elementor-element elementor-element-8b9e59a elementor-widget elementor-widget-image\" data-id=\"8b9e59a\" data-element_type=\"widget\" data-e-type=\"widget\" data-widget_type=\"image.default\">\n\t\t\t\t<div class=\"elementor-widget-container\">\n\t\t\t\t\t\t\t\t\t\t\t\t\t\t\t\t<a href=\"https:\/\/www.frese-stiftung.de\/wp-content\/uploads\/2021\/09\/screen-scaled.jpg\" target=\"_blank\">\n\t\t\t\t\t\t\t<img fetchpriority=\"high\" decoding=\"async\" width=\"570\" height=\"428\" src=\"https:\/\/frese-stiftung.de\/wp-content\/uploads\/2023\/01\/jahresausstelung-2022-023.jpeg\" class=\"attachment-large size-large wp-image-959\" alt=\"\" srcset=\"https:\/\/frese-stiftung.de\/wp-content\/uploads\/2023\/01\/jahresausstelung-2022-023.jpeg 570w, https:\/\/frese-stiftung.de\/wp-content\/uploads\/2023\/01\/jahresausstelung-2022-023-300x225.jpeg 300w\" sizes=\"(max-width: 570px) 100vw, 570px\" \/>\t\t\t\t\t\t\t\t<\/a>\n\t\t\t\t\t\t\t\t\t\t\t\t\t\t\t<\/div>\n\t\t\t\t<\/div>\n\t\t\t\t<div class=\"elementor-element elementor-element-e5c1ee2 elementor-widget elementor-widget-image\" data-id=\"e5c1ee2\" data-element_type=\"widget\" data-e-type=\"widget\" data-widget_type=\"image.default\">\n\t\t\t\t<div class=\"elementor-widget-container\">\n\t\t\t\t\t\t\t\t\t\t\t\t\t\t\t<img decoding=\"async\" width=\"570\" height=\"428\" src=\"https:\/\/frese-stiftung.de\/wp-content\/uploads\/2023\/01\/jahresausstelung-2022-024.jpeg\" class=\"attachment-large size-large wp-image-958\" alt=\"\" srcset=\"https:\/\/frese-stiftung.de\/wp-content\/uploads\/2023\/01\/jahresausstelung-2022-024.jpeg 570w, https:\/\/frese-stiftung.de\/wp-content\/uploads\/2023\/01\/jahresausstelung-2022-024-300x225.jpeg 300w\" sizes=\"(max-width: 570px) 100vw, 570px\" \/>\t\t\t\t\t\t\t\t\t\t\t\t\t\t\t<\/div>\n\t\t\t\t<\/div>\n\t\t\t\t\t<\/div>\n\t\t<\/div>\n\t\t\t\t\t<\/div>\n\t\t<\/section>\n\t\t\t\t<section class=\"elementor-section elementor-top-section elementor-element elementor-element-a9ce8b8 elementor-section-boxed elementor-section-height-default elementor-section-height-default\" data-id=\"a9ce8b8\" data-element_type=\"section\" data-e-type=\"section\">\n\t\t\t\t\t\t<div class=\"elementor-container elementor-column-gap-default\">\n\t\t\t\t\t<div class=\"elementor-column elementor-col-100 elementor-top-column elementor-element elementor-element-124715f\" data-id=\"124715f\" data-element_type=\"column\" data-e-type=\"column\">\n\t\t\t<div class=\"elementor-widget-wrap elementor-element-populated\">\n\t\t\t\t\t\t<div class=\"elementor-element elementor-element-a31a3e7 elementor-widget elementor-widget-ebor-portfolio-block\" data-id=\"a31a3e7\" data-element_type=\"widget\" data-e-type=\"widget\" data-widget_type=\"ebor-portfolio-block.default\">\n\t\t\t\t<div class=\"elementor-widget-container\">\n\t\t\t\t\t\n<div class=\"gallery\" data-cols=\"3\" data-margin=\"30\" data-ratio=\"1:1\">\n\t\n\t<div class=\"entry 2022\">\n\t\t<a href=\"https:\/\/frese-stiftung.de\/?portfolio=1-preis-noriyuki-suzuki\">\n\t\t\t\n\t\t\t<div class=\"entry__image\" data-bg=\"https:\/\/frese-stiftung.de\/wp-content\/uploads\/2023\/01\/1_Noriyuki_Suzuki.jpeg\"><\/div>\n\t\t\t\n\t\t\t<div class=\"entry__overlay\">\n\t\t\t\t\n\t\t\t\t<div class=\"entry__caption\">\n\t\t\t\t\t<div class=\"title\">1. Preis Noriyuki Suzuki<\/div>\t\t\t\t\t<div class=\"cat\">2022<\/div>\n\t\t\t\t<\/div>\n\t\t\t\t\n\t\t\t\t<span class=\"line\"><\/span>\n\t\t\t\t\n\t\t\t<\/div>\n\t\t\t\n\t\t<\/a>\n\t<\/div>\n\n\n\t<div class=\"entry 2022\">\n\t\t<a href=\"https:\/\/frese-stiftung.de\/?portfolio=2-preis-te-i-um\">\n\t\t\t\n\t\t\t<div class=\"entry__image\" data-bg=\"https:\/\/frese-stiftung.de\/wp-content\/uploads\/2023\/01\/2_Te_I_Um.jpeg\"><\/div>\n\t\t\t\n\t\t\t<div class=\"entry__overlay\">\n\t\t\t\t\n\t\t\t\t<div class=\"entry__caption\">\n\t\t\t\t\t<div class=\"title\">2. Preis Te I Um<\/div>\t\t\t\t\t<div class=\"cat\">2022<\/div>\n\t\t\t\t<\/div>\n\t\t\t\t\n\t\t\t\t<span class=\"line\"><\/span>\n\t\t\t\t\n\t\t\t<\/div>\n\t\t\t\n\t\t<\/a>\n\t<\/div>\n\n\n\t<div class=\"entry 2022\">\n\t\t<a href=\"https:\/\/frese-stiftung.de\/?portfolio=3-preis-klara-linde\">\n\t\t\t\n\t\t\t<div class=\"entry__image\" data-bg=\"https:\/\/frese-stiftung.de\/wp-content\/uploads\/2023\/01\/3_Klara_Linde.jpeg\"><\/div>\n\t\t\t\n\t\t\t<div class=\"entry__overlay\">\n\t\t\t\t\n\t\t\t\t<div class=\"entry__caption\">\n\t\t\t\t\t<div class=\"title\">3. Preis Klara Linde<\/div>\t\t\t\t\t<div class=\"cat\">2022<\/div>\n\t\t\t\t<\/div>\n\t\t\t\t\n\t\t\t\t<span class=\"line\"><\/span>\n\t\t\t\t\n\t\t\t<\/div>\n\t\t\t\n\t\t<\/a>\n\t<\/div>\n\n<\/div>\t\t\t\t<\/div>\n\t\t\t\t<\/div>\n\t\t\t\t\t<\/div>\n\t\t<\/div>\n\t\t\t\t\t<\/div>\n\t\t<\/section>\n\t\t\t\t<section class=\"elementor-section elementor-top-section elementor-element elementor-element-dbb3a25 elementor-section-boxed elementor-section-height-default elementor-section-height-default\" data-id=\"dbb3a25\" data-element_type=\"section\" data-e-type=\"section\">\n\t\t\t\t\t\t<div class=\"elementor-container elementor-column-gap-default\">\n\t\t\t\t\t<div class=\"elementor-column elementor-col-100 elementor-top-column elementor-element elementor-element-5e36dc8\" data-id=\"5e36dc8\" data-element_type=\"column\" data-e-type=\"column\">\n\t\t\t<div class=\"elementor-widget-wrap elementor-element-populated\">\n\t\t\t\t\t\t<div class=\"elementor-element elementor-element-8b8dc25 elementor-widget elementor-widget-text-editor\" data-id=\"8b8dc25\" data-element_type=\"widget\" data-e-type=\"widget\" data-widget_type=\"text-editor.default\">\n\t\t\t\t<div class=\"elementor-widget-container\">\n\t\t\t\t\t\t\t\t\t<p><strong>Belobigungen:\u2028<\/strong><span style=\"color: var( --e-global-color-text ); font-family: var( --e-global-typography-text-font-family ), Sans-serif;\">\u00a0<\/span><\/p><p><span style=\"color: var( --e-global-color-text ); font-family: var( --e-global-typography-text-font-family ), Sans-serif;\">Hanna Paniutsich:\u2028\u00a0 Vypramie\u0144vannie (Radioactivity)\u2028<\/span><\/p><p><span style=\"color: var( --e-global-color-text ); font-family: var( --e-global-typography-text-font-family ), Sans-serif;\">Kai Schorowsky:\u2028 Myth Private Pool, Drucke\/Buch <br \/><\/span><\/p><div>Victor Artiga Rodriguez &amp; Icaro Lopez de mesa Moyano:\u2028\u00a0The Paradoxical Myth of the Crazed Jaguar and Nene de Solar, Performance<\/div><div>\u00a0<\/div><p><strong>Jury<\/strong><\/p><p>Serge Rompza (Grafikdesigner, Designstudio NODE Berlin Oslo)<\/p><p>Julia Eberhardt (an der HfK Bremen ausgebildete Modedesignerin, Kleider- und Kunsthistorikerin sowie Kollektionsentwicklerin f\u00fcr die Marke \u201eVivienne Westwood\u201c)<\/p><p>Dr. C\u00e9sar E Giraldo Herrera (Sozialanthropologe, Biologe, freiberuflicher Forscher und Autor)<\/p><p>Daria Parkhomenko (Gr\u00fcndungsdirektorin der russischen Laboratoria Art &amp; Science Foundation, lebt derzeit in Deutschland, arbeitet am Zentrum f\u00fcr Kunst und Medien Karlsruhe)<\/p><p>Moritz Putzier (an der HfK ausgebildeter Produktdesigner).<\/p>\t\t\t\t\t\t\t\t<\/div>\n\t\t\t\t<\/div>\n\t\t\t\t\t<\/div>\n\t\t<\/div>\n\t\t\t\t\t<\/div>\n\t\t<\/section>\n\t\t\t\t<\/div>\n\t\t<div class=\"clearfix\"><\/div>","protected":false},"excerpt":{"rendered":"<p>Frese-Design-Preis 2022 Der Frese-Design-Preises 2022 ging an drei Absolvent:innen der Hochschule f\u00fcr K\u00fcnste Bremen.29 Studierende zeigten ihre Abschlussarbeiten im BLG Forum.Die Preistr\u00e4gerinnen:1.Preis: \u2028Noriyuki Suzuki(Digitale Medien, Master of Arts)\u2028\u2028Titel Arbeit: Invisible Hand5.000 Euro\u00a0\u20282. Preis Te I Um (Integriertes Design, Master of Arts)\u2028 Titel Arbeit: ChuChu and TuTu3.000 Euro 3. Preis: Klara Linde\u2028(Digitale Medien, Bachelor of Arts) [&hellip;]<\/p>\n","protected":false},"author":2,"featured_media":0,"parent":0,"menu_order":0,"comment_status":"closed","ping_status":"closed","template":"page_page_builder.php","meta":{"footnotes":""},"class_list":["post-941","page","type-page","status-publish","hentry"],"_links":{"self":[{"href":"https:\/\/frese-stiftung.de\/index.php?rest_route=\/wp\/v2\/pages\/941","targetHints":{"allow":["GET"]}}],"collection":[{"href":"https:\/\/frese-stiftung.de\/index.php?rest_route=\/wp\/v2\/pages"}],"about":[{"href":"https:\/\/frese-stiftung.de\/index.php?rest_route=\/wp\/v2\/types\/page"}],"author":[{"embeddable":true,"href":"https:\/\/frese-stiftung.de\/index.php?rest_route=\/wp\/v2\/users\/2"}],"replies":[{"embeddable":true,"href":"https:\/\/frese-stiftung.de\/index.php?rest_route=%2Fwp%2Fv2%2Fcomments&post=941"}],"version-history":[{"count":25,"href":"https:\/\/frese-stiftung.de\/index.php?rest_route=\/wp\/v2\/pages\/941\/revisions"}],"predecessor-version":[{"id":1001,"href":"https:\/\/frese-stiftung.de\/index.php?rest_route=\/wp\/v2\/pages\/941\/revisions\/1001"}],"wp:attachment":[{"href":"https:\/\/frese-stiftung.de\/index.php?rest_route=%2Fwp%2Fv2%2Fmedia&parent=941"}],"curies":[{"name":"wp","href":"https:\/\/api.w.org\/{rel}","templated":true}]}}