{"id":879,"date":"2022-05-11T14:00:40","date_gmt":"2022-05-11T14:00:40","guid":{"rendered":"https:\/\/frese-stiftung.de\/?page_id=879"},"modified":"2022-05-11T15:19:51","modified_gmt":"2022-05-11T15:19:51","slug":"der-stifter-2","status":"publish","type":"page","link":"https:\/\/frese-stiftung.de\/?page_id=879","title":{"rendered":"Gru\u00dfwort"},"content":{"rendered":"\t\t<div data-elementor-type=\"wp-post\" data-elementor-id=\"879\" class=\"elementor elementor-879\">\n\t\t\t\t\t\t<section class=\"elementor-section elementor-top-section elementor-element elementor-element-5926353 elementor-section-boxed elementor-section-height-default elementor-section-height-default\" data-id=\"5926353\" data-element_type=\"section\" data-e-type=\"section\">\n\t\t\t\t\t\t<div class=\"elementor-container elementor-column-gap-default\">\n\t\t\t\t\t<div class=\"elementor-column elementor-col-50 elementor-top-column elementor-element elementor-element-5255e37\" data-id=\"5255e37\" data-element_type=\"column\" data-e-type=\"column\">\n\t\t\t<div class=\"elementor-widget-wrap elementor-element-populated\">\n\t\t\t\t\t\t\t<\/div>\n\t\t<\/div>\n\t\t\t\t<div class=\"elementor-column elementor-col-50 elementor-top-column elementor-element elementor-element-2e9d3c9\" data-id=\"2e9d3c9\" data-element_type=\"column\" data-e-type=\"column\">\n\t\t\t<div class=\"elementor-widget-wrap elementor-element-populated\">\n\t\t\t\t\t\t<div class=\"elementor-element elementor-element-3226284 elementor-widget elementor-widget-text-editor\" data-id=\"3226284\" data-element_type=\"widget\" data-e-type=\"widget\" data-widget_type=\"text-editor.default\">\n\t\t\t\t<div class=\"elementor-widget-container\">\n\t\t\t\t\t\t\t\t\t<h2>Gru\u00dfwort<\/h2>\t\t\t\t\t\t\t\t<\/div>\n\t\t\t\t<\/div>\n\t\t\t\t\t<\/div>\n\t\t<\/div>\n\t\t\t\t\t<\/div>\n\t\t<\/section>\n\t\t\t\t<section class=\"elementor-section elementor-top-section elementor-element elementor-element-9014a12 elementor-section-boxed elementor-section-height-default elementor-section-height-default\" data-id=\"9014a12\" data-element_type=\"section\" data-e-type=\"section\">\n\t\t\t\t\t\t<div class=\"elementor-container elementor-column-gap-default\">\n\t\t\t\t\t<div class=\"elementor-column elementor-col-50 elementor-top-column elementor-element elementor-element-5fad331\" data-id=\"5fad331\" data-element_type=\"column\" data-e-type=\"column\">\n\t\t\t<div class=\"elementor-widget-wrap elementor-element-populated\">\n\t\t\t\t\t\t<div class=\"elementor-element elementor-element-8044322 elementor-widget elementor-widget-image\" data-id=\"8044322\" data-element_type=\"widget\" data-e-type=\"widget\" data-widget_type=\"image.default\">\n\t\t\t\t<div class=\"elementor-widget-container\">\n\t\t\t\t\t\t\t\t\t\t\t\t\t\t\t<img decoding=\"async\" src=\"https:\/\/frese-stiftung.de\/wp-content\/uploads\/elementor\/thumbs\/Roland_Lambrette_btc_sebastian_cunitz-scaled-pontxvt3zyle2hc7pg2u035xnxngdpkifn6oy1ocvg.jpg\" title=\"K\u00f6pfe der IAA &#8211;  Roland Lambrette vom Atelier Markgraph gestaltet seit 20 Jahren den Stand von Mercedes auf der IAA\" alt=\"Roland Lambrette im Portrait.\" loading=\"lazy\" \/>\t\t\t\t\t\t\t\t\t\t\t\t\t\t\t<\/div>\n\t\t\t\t<\/div>\n\t\t\t\t<div class=\"elementor-element elementor-element-af7f875 elementor-widget elementor-widget-text-editor\" data-id=\"af7f875\" data-element_type=\"widget\" data-e-type=\"widget\" data-widget_type=\"text-editor.default\">\n\t\t\t\t<div class=\"elementor-widget-container\">\n\t\t\t\t\t\t\t\t\tProf. Roland Lambrette, Rektor der HfK Bremen<br><p>\u00a9 Foto Sebastian Cunitz<\/p>\t\t\t\t\t\t\t\t<\/div>\n\t\t\t\t<\/div>\n\t\t\t\t\t<\/div>\n\t\t<\/div>\n\t\t\t\t<div class=\"elementor-column elementor-col-50 elementor-top-column elementor-element elementor-element-c15ada6\" data-id=\"c15ada6\" data-element_type=\"column\" data-e-type=\"column\">\n\t\t\t<div class=\"elementor-widget-wrap elementor-element-populated\">\n\t\t\t\t\t\t<div class=\"elementor-element elementor-element-155315f elementor-widget elementor-widget-text-editor\" data-id=\"155315f\" data-element_type=\"widget\" data-e-type=\"widget\" data-widget_type=\"text-editor.default\">\n\t\t\t\t<div class=\"elementor-widget-container\">\n\t\t\t\t\t\t\t\t\t<p class=\"MsoNormal\">Das Engagement der Petra-und-Dieter-Frese Stiftung als verl\u00e4ssliche Partnerin der Hochschule f\u00fcr K\u00fcnste (HfK) Bremen ist f\u00fcr uns von unsch\u00e4tzbarem Wert. Mit Dieter Frese als Stiftungsgr\u00fcnder sowie seinem Gesch\u00e4ftsf\u00fchrer Wedige von der Schulenburg waren wir freundschaftlich verbunden. Uns einte das Interesse an der F\u00f6rderung junger Talente und das Gestalten der Zukunft.<\/p><p class=\"MsoNormal\">An der HfK Bremen erfahren die wegweisenden Studieng\u00e4nge Integriertes Design und Digitale Medien mit der Vergabe des hoch dotierten Frese-Design-Preises eine wichtige Auszeichnung im nationalen und internationalen Wettbewerb \u2013 f\u00fcr unser projektorientiertes, interdisziplin\u00e4res und verantwortungsbewusstes Arbeiten, damit Gestaltungsprozesse als strategisch ganzheitliche und kreative L\u00f6sungskompetenz komplexer Herausforderungen realisiert werden k\u00f6nnen.<\/p><p class=\"MsoNormal\">Im Integrierten Design werden wichtige Fragestellungen der Zukunft behandelt. Sei es unser Konsum-, Mobilit\u00e4ts- oder Kommunikationsverhalten oder die Entwicklung einer Haltung in der Produktgestaltung, die von einem wirklichen Bedarf und nicht vom Marketing bestimmt wird. Die Studierenden der Digitalen Medien lernen parallel einen experimentell-k\u00fcnstlerischen und funktionsorientierten Umgang mit neuen Technologien. Dies gibt ihnen die Kompetenz, \u00fcber diese Technologien und ihre Wirkungszusammenh\u00e4nge hinaus reflektieren zu k\u00f6nnen und sich mit und durch eben diese gestalterisch zu artikulieren.<\/p><p class=\"MsoNormal\">Diese Entwicklungen spiegeln sich in der Jahresausstellung der Absolvent:innen, die eine der wichtigsten und repr\u00e4sentativsten Veranstaltungen des HfK-Kalenders ist. Die Auslobung des Frese-Design-Preises ist ein H\u00f6hepunkt der Ausstellung und verst\u00e4rkt die Bedeutung der Ausstellung f\u00fcr die HfK. Seit 2014 w\u00e4hlt eine j\u00e4hrlich wechselnde, internationale Jury aus den Ausstellenden die Preistr\u00e4ger:innen und Belobigten aus. Die Stiftung f\u00f6rdert finanziell, aber auch ideell aufstrebende analoge sowie digitale Nachwuchsdesigner:innen und Gestalter:innen und profiliert Bremen zudem als Ort junger, neuer Ideen.<\/p><p class=\"MsoNormal\">Zum Wintersemester 2021 hat die Stiftung ihr Engagement an der HfK intensiviert und erm\u00f6glicht die Professur \u201eDesign and the Future\u201c. Die Professur widmet sich explizit den dr\u00e4ngenden Fragen der Gestaltung von Lebenswirklichkeit im Kontext multipler Krisen, wird Handlungskompetenzen f\u00f6rdern und den Fokus auf umweltvertr\u00e4gliches, nachhaltiges Produzieren, faire Vergu\u0308tung sowie die Endlichkeit unserer Ressourcen legen. Wir sind dankbar f\u00fcr diese M\u00f6glichkeit und die neuen Impulse, die eine Stiftungsprofessur f\u00fcr den Design Bereich bedeutet.<span style=\"mso-spacerun: yes;\">\u00a0 <\/span><\/p><p class=\"MsoNormal\">Schlie\u00dflich geht es der Stiftung und der Hochschule um die Neuorientierung des Designs. Denn der Begriff und die Praxis haben sich rapide gewandelt. Design bedeutet nicht nur im Englischen sehr viel mehr als nur die Gestaltung von Produkten, damit Praktisches oder Unn\u00fctzes auch sch\u00f6n aussieht. Design bedeutet auch, etwas zu entwickeln, um Handlungsanleitungen f\u00fcr soziale, \u00f6kologische und politische Prozesse aufzuzeigen und L\u00f6sungsentw\u00fcrfe anzubieten. Designer:innen und Gestalter:innen m\u00fcssen sich heute ihrer Rolle als Verantwortungstra\u0308ger:innen bewusst sein und d\u00fcrfen nicht mehr die zerst\u00f6rerischen Werte kapitalistischen Wirtschaftens bedienen. Denn Politik ist Design \u2013 Design ist Politik. Das haben Frese und von der Schulenburg fr\u00fch erkannt und wir sind stolz, dass die Stiftung diesen Weg mit uns eingeschlagen ist uns weiterf\u00fchrt.<\/p><p><style>@font-face<br \/>\t{font-family:\"Cambria Math\";<br \/>\tpanose-1:2 4 5 3 5 4 6 3 2 4;<br \/>\tmso-font-charset:0;<br \/>\tmso-generic-font-family:roman;<br \/>\tmso-font-pitch:variable;<br \/>\tmso-font-signature:-536870145 1107305727 0 0 415 0;}@font-face<br \/>\t{font-family:Calibri;<br \/>\tpanose-1:2 15 5 2 2 2 4 3 2 4;<br \/>\tmso-font-charset:0;<br \/>\tmso-generic-font-family:swiss;<br \/>\tmso-font-pitch:variable;<br \/>\tmso-font-signature:-536859905 -1073732485 9 0 511 0;}p.MsoNormal, li.MsoNormal, div.MsoNormal<br \/>\t{mso-style-unhide:no;<br \/>\tmso-style-qformat:yes;<br \/>\tmso-style-parent:\"\";<br \/>\tmargin-top:0cm;<br \/>\tmargin-right:0cm;<br \/>\tmargin-bottom:8.0pt;<br \/>\tmargin-left:0cm;<br \/>\tline-height:107%;<br \/>\tmso-pagination:widow-orphan;<br \/>\tfont-size:11.0pt;<br \/>\tfont-family:\"Calibri\",sans-serif;<br \/>\tmso-ascii-font-family:Calibri;<br \/>\tmso-ascii-theme-font:minor-latin;<br \/>\tmso-fareast-font-family:Calibri;<br \/>\tmso-fareast-theme-font:minor-latin;<br \/>\tmso-hansi-font-family:Calibri;<br \/>\tmso-hansi-theme-font:minor-latin;<br \/>\tmso-bidi-font-family:\"Times New Roman\";<br \/>\tmso-bidi-theme-font:minor-bidi;<br \/>\tmso-fareast-language:EN-US;}.MsoChpDefault<br \/>\t{mso-style-type:export-only;<br \/>\tmso-default-props:yes;<br \/>\tfont-size:11.0pt;<br \/>\tmso-ansi-font-size:11.0pt;<br \/>\tmso-bidi-font-size:11.0pt;<br \/>\tfont-family:\"Calibri\",sans-serif;<br \/>\tmso-ascii-font-family:Calibri;<br \/>\tmso-ascii-theme-font:minor-latin;<br \/>\tmso-fareast-font-family:Calibri;<br \/>\tmso-fareast-theme-font:minor-latin;<br \/>\tmso-hansi-font-family:Calibri;<br \/>\tmso-hansi-theme-font:minor-latin;<br \/>\tmso-bidi-font-family:\"Times New Roman\";<br \/>\tmso-bidi-theme-font:minor-bidi;<br \/>\tmso-fareast-language:EN-US;}.MsoPapDefault<br \/>\t{mso-style-type:export-only;<br \/>\tmargin-bottom:8.0pt;<br \/>\tline-height:107%;}div.WordSection1<br \/>\t{page:WordSection1;}<\/style><\/p>\t\t\t\t\t\t\t\t<\/div>\n\t\t\t\t<\/div>\n\t\t\t\t\t<\/div>\n\t\t<\/div>\n\t\t\t\t\t<\/div>\n\t\t<\/section>\n\t\t\t\t<\/div>\n\t\t<div class=\"clearfix\"><\/div>","protected":false},"excerpt":{"rendered":"<p>Gru\u00dfwort Prof. Roland Lambrette, Rektor der HfK Bremen \u00a9 Foto Sebastian Cunitz Das Engagement der Petra-und-Dieter-Frese Stiftung als verl\u00e4ssliche Partnerin der Hochschule f\u00fcr K\u00fcnste (HfK) Bremen ist f\u00fcr uns von unsch\u00e4tzbarem Wert. Mit Dieter Frese als Stiftungsgr\u00fcnder sowie seinem Gesch\u00e4ftsf\u00fchrer Wedige von der Schulenburg waren wir freundschaftlich verbunden. Uns einte das Interesse an der F\u00f6rderung [&hellip;]<\/p>\n","protected":false},"author":1,"featured_media":0,"parent":0,"menu_order":0,"comment_status":"closed","ping_status":"closed","template":"page_page_builder.php","meta":{"footnotes":""},"class_list":["post-879","page","type-page","status-publish","hentry"],"_links":{"self":[{"href":"https:\/\/frese-stiftung.de\/index.php?rest_route=\/wp\/v2\/pages\/879","targetHints":{"allow":["GET"]}}],"collection":[{"href":"https:\/\/frese-stiftung.de\/index.php?rest_route=\/wp\/v2\/pages"}],"about":[{"href":"https:\/\/frese-stiftung.de\/index.php?rest_route=\/wp\/v2\/types\/page"}],"author":[{"embeddable":true,"href":"https:\/\/frese-stiftung.de\/index.php?rest_route=\/wp\/v2\/users\/1"}],"replies":[{"embeddable":true,"href":"https:\/\/frese-stiftung.de\/index.php?rest_route=%2Fwp%2Fv2%2Fcomments&post=879"}],"version-history":[{"count":49,"href":"https:\/\/frese-stiftung.de\/index.php?rest_route=\/wp\/v2\/pages\/879\/revisions"}],"predecessor-version":[{"id":931,"href":"https:\/\/frese-stiftung.de\/index.php?rest_route=\/wp\/v2\/pages\/879\/revisions\/931"}],"wp:attachment":[{"href":"https:\/\/frese-stiftung.de\/index.php?rest_route=%2Fwp%2Fv2%2Fmedia&parent=879"}],"curies":[{"name":"wp","href":"https:\/\/api.w.org\/{rel}","templated":true}]}}

Grußwort

<div data-elementor-type="wp-post" data-elementor-id="879" class="elementor elementor-879">
						<section class="elementor-section elementor-top-section elementor-element elementor-element-5926353 elementor-section-boxed elementor-section-height-default elementor-section-height-default" data-id="5926353" data-element_type="section" data-e-type="section">
						<div class="elementor-container elementor-column-gap-default">
					<div class="elementor-column elementor-col-50 elementor-top-column elementor-element elementor-element-5255e37" data-id="5255e37" data-element_type="column" data-e-type="column">
			<div class="elementor-widget-wrap elementor-element-populated">
							</div>
		</div>
				<div class="elementor-column elementor-col-50 elementor-top-column elementor-element elementor-element-2e9d3c9" data-id="2e9d3c9" data-element_type="column" data-e-type="column">
			<div class="elementor-widget-wrap elementor-element-populated">
						<div class="elementor-element elementor-element-3226284 elementor-widget elementor-widget-text-editor" data-id="3226284" data-element_type="widget" data-e-type="widget" data-widget_type="text-editor.default">
				<div class="elementor-widget-container">
									<h2>Grußwort</h2>								</div>
				</div>
					</div>
		</div>
					</div>
		</section>
				<section class="elementor-section elementor-top-section elementor-element elementor-element-9014a12 elementor-section-boxed elementor-section-height-default elementor-section-height-default" data-id="9014a12" data-element_type="section" data-e-type="section">
						<div class="elementor-container elementor-column-gap-default">
					<div class="elementor-column elementor-col-50 elementor-top-column elementor-element elementor-element-5fad331" data-id="5fad331" data-element_type="column" data-e-type="column">
			<div class="elementor-widget-wrap elementor-element-populated">
						<div class="elementor-element elementor-element-8044322 elementor-widget elementor-widget-image" data-id="8044322" data-element_type="widget" data-e-type="widget" data-widget_type="image.default">
				<div class="elementor-widget-container">
															<img decoding="async" src="https://frese-stiftung.de/wp-content/uploads/elementor/thumbs/Roland_Lambrette_btc_sebastian_cunitz-scaled-pontxvt3zyle2hc7pg2u035xnxngdpkifn6oy1ocvg.jpg" title="Köpfe der IAA &#8211;  Roland Lambrette vom Atelier Markgraph gestaltet seit 20 Jahren den Stand von Mercedes auf der IAA" alt="Roland Lambrette im Portrait." loading="lazy" />															</div>
				</div>
				<div class="elementor-element elementor-element-af7f875 elementor-widget elementor-widget-text-editor" data-id="af7f875" data-element_type="widget" data-e-type="widget" data-widget_type="text-editor.default">
				<div class="elementor-widget-container">
									Prof. Roland Lambrette, Rektor der HfK Bremen<br><p>© Foto Sebastian Cunitz</p>								</div>
				</div>
					</div>
		</div>
				<div class="elementor-column elementor-col-50 elementor-top-column elementor-element elementor-element-c15ada6" data-id="c15ada6" data-element_type="column" data-e-type="column">
			<div class="elementor-widget-wrap elementor-element-populated">
						<div class="elementor-element elementor-element-155315f elementor-widget elementor-widget-text-editor" data-id="155315f" data-element_type="widget" data-e-type="widget" data-widget_type="text-editor.default">
				<div class="elementor-widget-container">
									<p class="MsoNormal">Das Engagement der Petra-und-Dieter-Frese Stiftung als verlässliche Partnerin der Hochschule für Künste (HfK) Bremen ist für uns von unschätzbarem Wert. Mit Dieter Frese als Stiftungsgründer sowie seinem Geschäftsführer Wedige von der Schulenburg waren wir freundschaftlich verbunden. Uns einte das Interesse an der Förderung junger Talente und das Gestalten der Zukunft.</p><p class="MsoNormal">An der HfK Bremen erfahren die wegweisenden Studiengänge Integriertes Design und Digitale Medien mit der Vergabe des hoch dotierten Frese-Design-Preises eine wichtige Auszeichnung im nationalen und internationalen Wettbewerb – für unser projektorientiertes, interdisziplinäres und verantwortungsbewusstes Arbeiten, damit Gestaltungsprozesse als strategisch ganzheitliche und kreative Lösungskompetenz komplexer Herausforderungen realisiert werden können.</p><p class="MsoNormal">Im Integrierten Design werden wichtige Fragestellungen der Zukunft behandelt. Sei es unser Konsum-, Mobilitäts- oder Kommunikationsverhalten oder die Entwicklung einer Haltung in der Produktgestaltung, die von einem wirklichen Bedarf und nicht vom Marketing bestimmt wird. Die Studierenden der Digitalen Medien lernen parallel einen experimentell-künstlerischen und funktionsorientierten Umgang mit neuen Technologien. Dies gibt ihnen die Kompetenz, über diese Technologien und ihre Wirkungszusammenhänge hinaus reflektieren zu können und sich mit und durch eben diese gestalterisch zu artikulieren.</p><p class="MsoNormal">Diese Entwicklungen spiegeln sich in der Jahresausstellung der Absolvent:innen, die eine der wichtigsten und repräsentativsten Veranstaltungen des HfK-Kalenders ist. Die Auslobung des Frese-Design-Preises ist ein Höhepunkt der Ausstellung und verstärkt die Bedeutung der Ausstellung für die HfK. Seit 2014 wählt eine jährlich wechselnde, internationale Jury aus den Ausstellenden die Preisträger:innen und Belobigten aus. Die Stiftung fördert finanziell, aber auch ideell aufstrebende analoge sowie digitale Nachwuchsdesigner:innen und Gestalter:innen und profiliert Bremen zudem als Ort junger, neuer Ideen.</p><p class="MsoNormal">Zum Wintersemester 2021 hat die Stiftung ihr Engagement an der HfK intensiviert und ermöglicht die Professur „Design and the Future“. Die Professur widmet sich explizit den drängenden Fragen der Gestaltung von Lebenswirklichkeit im Kontext multipler Krisen, wird Handlungskompetenzen fördern und den Fokus auf umweltverträgliches, nachhaltiges Produzieren, faire Vergütung sowie die Endlichkeit unserer Ressourcen legen. Wir sind dankbar für diese Möglichkeit und die neuen Impulse, die eine Stiftungsprofessur für den Design Bereich bedeutet.<span style="mso-spacerun: yes;">  </span></p><p class="MsoNormal">Schließlich geht es der Stiftung und der Hochschule um die Neuorientierung des Designs. Denn der Begriff und die Praxis haben sich rapide gewandelt. Design bedeutet nicht nur im Englischen sehr viel mehr als nur die Gestaltung von Produkten, damit Praktisches oder Unnützes auch schön aussieht. Design bedeutet auch, etwas zu entwickeln, um Handlungsanleitungen für soziale, ökologische und politische Prozesse aufzuzeigen und Lösungsentwürfe anzubieten. Designer:innen und Gestalter:innen müssen sich heute ihrer Rolle als Verantwortungsträger:innen bewusst sein und dürfen nicht mehr die zerstörerischen Werte kapitalistischen Wirtschaftens bedienen. Denn Politik ist Design – Design ist Politik. Das haben Frese und von der Schulenburg früh erkannt und wir sind stolz, dass die Stiftung diesen Weg mit uns eingeschlagen ist uns weiterführt.</p><p><style>@font-face<br />	{font-family:"Cambria Math";<br />	panose-1:2 4 5 3 5 4 6 3 2 4;<br />	mso-font-charset:0;<br />	mso-generic-font-family:roman;<br />	mso-font-pitch:variable;<br />	mso-font-signature:-536870145 1107305727 0 0 415 0;}@font-face<br />	{font-family:Calibri;<br />	panose-1:2 15 5 2 2 2 4 3 2 4;<br />	mso-font-charset:0;<br />	mso-generic-font-family:swiss;<br />	mso-font-pitch:variable;<br />	mso-font-signature:-536859905 -1073732485 9 0 511 0;}p.MsoNormal, li.MsoNormal, div.MsoNormal<br />	{mso-style-unhide:no;<br />	mso-style-qformat:yes;<br />	mso-style-parent:"";<br />	margin-top:0cm;<br />	margin-right:0cm;<br />	margin-bottom:8.0pt;<br />	margin-left:0cm;<br />	line-height:107%;<br />	mso-pagination:widow-orphan;<br />	font-size:11.0pt;<br />	font-family:"Calibri",sans-serif;<br />	mso-ascii-font-family:Calibri;<br />	mso-ascii-theme-font:minor-latin;<br />	mso-fareast-font-family:Calibri;<br />	mso-fareast-theme-font:minor-latin;<br />	mso-hansi-font-family:Calibri;<br />	mso-hansi-theme-font:minor-latin;<br />	mso-bidi-font-family:"Times New Roman";<br />	mso-bidi-theme-font:minor-bidi;<br />	mso-fareast-language:EN-US;}.MsoChpDefault<br />	{mso-style-type:export-only;<br />	mso-default-props:yes;<br />	font-size:11.0pt;<br />	mso-ansi-font-size:11.0pt;<br />	mso-bidi-font-size:11.0pt;<br />	font-family:"Calibri",sans-serif;<br />	mso-ascii-font-family:Calibri;<br />	mso-ascii-theme-font:minor-latin;<br />	mso-fareast-font-family:Calibri;<br />	mso-fareast-theme-font:minor-latin;<br />	mso-hansi-font-family:Calibri;<br />	mso-hansi-theme-font:minor-latin;<br />	mso-bidi-font-family:"Times New Roman";<br />	mso-bidi-theme-font:minor-bidi;<br />	mso-fareast-language:EN-US;}.MsoPapDefault<br />	{mso-style-type:export-only;<br />	margin-bottom:8.0pt;<br />	line-height:107%;}div.WordSection1<br />	{page:WordSection1;}</style></p>								</div>
				</div>
					</div>
		</div>
					</div>
		</section>
				</div>
		<div class="clearfix"></div>

<p>Grußwort Prof. Roland Lambrette, Rektor der HfK Bremen © Foto Sebastian Cunitz Das Engagement der Petra-und-Dieter-Frese Stiftung als verlässliche Partnerin der Hochschule für Künste (HfK) Bremen ist für uns von unschätzbarem Wert. Mit Dieter Frese als Stiftungsgründer sowie seinem Geschäftsführer Wedige von der Schulenburg waren wir freundschaftlich verbunden. Uns einte das Interesse an der Förderung [&hellip;]</p>
