{"id":798,"date":"2021-09-29T11:38:47","date_gmt":"2021-09-29T11:38:47","guid":{"rendered":"https:\/\/frese-stiftung.de\/?page_id=798"},"modified":"2024-11-20T09:06:55","modified_gmt":"2024-11-20T09:06:55","slug":"datenschutz","status":"publish","type":"page","link":"https:\/\/frese-stiftung.de\/?page_id=798","title":{"rendered":"Datenschutz"},"content":{"rendered":"\t\t<div data-elementor-type=\"wp-post\" data-elementor-id=\"798\" class=\"elementor elementor-798\">\n\t\t\t\t\t\t<section class=\"elementor-section elementor-top-section elementor-element elementor-element-c181d80 elementor-section-full_width elementor-section-height-min-height elementor-section-height-default elementor-section-items-middle\" data-id=\"c181d80\" data-element_type=\"section\" data-e-type=\"section\" data-settings=\"{&quot;background_background&quot;:&quot;classic&quot;}\">\n\t\t\t\t\t\t<div class=\"elementor-container elementor-column-gap-default\">\n\t\t\t\t\t<div class=\"elementor-column elementor-col-33 elementor-top-column elementor-element elementor-element-d1d92a4\" data-id=\"d1d92a4\" data-element_type=\"column\" data-e-type=\"column\">\n\t\t\t<div class=\"elementor-widget-wrap\">\n\t\t\t\t\t\t\t<\/div>\n\t\t<\/div>\n\t\t\t\t<div class=\"elementor-column elementor-col-33 elementor-top-column elementor-element elementor-element-68e01ca\" data-id=\"68e01ca\" data-element_type=\"column\" data-e-type=\"column\">\n\t\t\t<div class=\"elementor-widget-wrap elementor-element-populated\">\n\t\t\t\t\t\t<div class=\"elementor-element elementor-element-f75cdc6 elementor-widget elementor-widget-text-editor\" data-id=\"f75cdc6\" data-element_type=\"widget\" data-e-type=\"widget\" data-widget_type=\"text-editor.default\">\n\t\t\t\t<div class=\"elementor-widget-container\">\n\t\t\t\t\t\t\t\t\t<h3 style=\"text-align: center;\">DATENSCHUTZ<\/h3><h6 style=\"text-align: center;\">\u00a0<\/h6>\t\t\t\t\t\t\t\t<\/div>\n\t\t\t\t<\/div>\n\t\t\t\t\t<\/div>\n\t\t<\/div>\n\t\t\t\t<div class=\"elementor-column elementor-col-33 elementor-top-column elementor-element elementor-element-d9be141\" data-id=\"d9be141\" data-element_type=\"column\" data-e-type=\"column\">\n\t\t\t<div class=\"elementor-widget-wrap\">\n\t\t\t\t\t\t\t<\/div>\n\t\t<\/div>\n\t\t\t\t\t<\/div>\n\t\t<\/section>\n\t\t\t\t<section class=\"elementor-section elementor-top-section elementor-element elementor-element-9014a12 elementor-section-boxed elementor-section-height-default elementor-section-height-default\" data-id=\"9014a12\" data-element_type=\"section\" data-e-type=\"section\">\n\t\t\t\t\t\t<div class=\"elementor-container elementor-column-gap-default\">\n\t\t\t\t\t<div class=\"elementor-column elementor-col-50 elementor-top-column elementor-element elementor-element-5fad331\" data-id=\"5fad331\" data-element_type=\"column\" data-e-type=\"column\">\n\t\t\t<div class=\"elementor-widget-wrap elementor-element-populated\">\n\t\t\t\t\t\t<div class=\"elementor-element elementor-element-af7f875 elementor-widget elementor-widget-text-editor\" data-id=\"af7f875\" data-element_type=\"widget\" data-e-type=\"widget\" data-widget_type=\"text-editor.default\">\n\t\t\t\t<div class=\"elementor-widget-container\">\n\t\t\t\t\t\t\t\t\t<h5>HINWEISE zum Datenschutz<\/h5>\n<div>\n<p>Der Schutz und die Sicherheit Ihrer pers\u00f6nlichen Daten ist uns sehr wichtig und hat einen hohen Stellenwert f\u00fcr uns. Wir halten uns daher konsequent an die aktuellen Datenschutzvorgaben. Im Folgenden informieren wir Sie, wie und f\u00fcr welchen Zweck Daten erhoben und verarbeitet werden.<\/p>\n<p>Die verantwortliche Stelle f\u00fcr die Datenverarbeitung auf dieser Website ist:<\/p>\n<p>Petra + Dieter Frese Stifung<br>Kay Middendorf<br>Contrescarpe 50, 28195 Bremen<a href=\"https:\/\/frese-stiftung.de\/?page_id=798&amp;elementor-preview=798&amp;ver=1632915993#\"><br>kontakt@frese-stiftung.de<\/a><\/p>\n<p><strong>Nutzung pers\u00f6nlicher Daten<\/strong><\/p>\n<p>Pers\u00f6nliche Daten werden nur erhoben oder verarbeitet, wenn Sie diese Angaben freiwillig machen, z. B. wenn Sie uns per E-Mail kontaktieren oder den Newsletter abonnieren. Sofern keine erforderlichen Gr\u00fcnde im Zusammenhang mit Ihrer Anfrage bestehen, k\u00f6nnen Sie jederzeit die zuvor erteilte Genehmigung Ihrer pers\u00f6nlichen Datenspeicherung mit sofortiger Wirkung schriftlich (z.B. per E-Mail, per Brief oder per Fax) widerrufen. Ihre Daten werden nicht an Dritte weitergeben, es sei denn, eine Weitergabe ist aufgrund gesetzlicher Vorschriften erforderlich<\/p>\n<p><strong>Kontaktm\u00f6glichkeit<\/strong><\/p>\n<p>Wir bieten Ihnen auf unserer Seite die M\u00f6glichkeit, mit uns per E-Mail in Verbindung zu treten. In diesem Fall werden die vom Nutzer gemachten Angaben zum Zwecke der Bearbeitung seiner Kontaktaufnahme gespeichert. Eine Weitergabe an Dritte erfolgt nicht. Ein Abgleich der so erhobenen Daten mit Daten, die m\u00f6glicherweise durch andere Komponenten unserer Seite erhoben werden, erfolgt ebenfalls nicht.<\/p>\n<p><strong>Server-Log-Files<\/strong><\/p>\n<p>Der Provider der Seiten erhebt und speichert automatisch Informationen in so genannten Server-Log Files, die Ihr Browser<br>automatisch an uns \u00fcbermittelt. Dies sind:<br>\u2022 Browsertyp \/ Browserversion<br>\u2022 verwendetes Betriebssystem<br>\u2022 Referrer URL<br>\u2022 Hostname des zugreifenden Rechners<br>\u2022 Uhrzeit der Serveranfrage.<br>Diese Daten sind nicht bestimmten Personen zuordenbar. Eine Zusammenf\u00fchrung dieser Daten mit anderen Datenquellen wird nicht vorgenommen. Wir behalten uns vor, diese Daten nachtr\u00e4glich zu pr\u00fcfen, wenn uns konkrete Anhaltspunkte f\u00fcr eine rechtswidrige Nutzung bekannt werden.<\/p>\n<p><strong>Cookies<\/strong><\/p>\n<p>Die Internetseiten verwenden teilweise so genannte Cookies. Cookies richten auf Ihrem Rechner keinen Schaden an und enthalten keine Viren. Cookies dienen dazu, unser Angebot nutzerfreundlicher, effektiver und sicherer zu machen. Cookies sind kleine Textdateien, die auf Ihrem Rechner abgelegt werden und die Ihr Browser speichert. Die meisten der von uns verwendeten Cookies sind so genannte \u201eSession-Cookies\u201c. Sie werden nach Ende Ihres Besuchs automatisch gel\u00f6scht. Andere Cookies bleiben auf Ihrem Endger\u00e4t gespeichert, bis Sie diese l\u00f6schen. Diese Cookies erm\u00f6glichen es uns, Ihren Browser beim n\u00e4chsten Besuch wiederzuerkennen. Sie k\u00f6nnen Ihren Browser so einstellen, dass Sie \u00fcber das Setzen von Cookies informiert werden und Cookies nur im Einzelfall erlauben, die Annahme von Cookies f\u00fcr bestimmte F\u00e4lle oder generell ausschlie\u00dfen sowie das automatische L\u00f6schen der Cookies beim Schlie\u00dfen des Browsers aktivieren. Bei der Deaktivierung von Cookies kann die Funktionalit\u00e4t dieser Website eingeschr\u00e4nkt sein.<\/p>\n<p><b>Google Web Fonts<\/b><\/p>\n<p>Wir verwenden auf unserer Webseite &#8222;Google Web Fonts&#8220;. Das ist ein Dienst der Google Ireland Limited, Google Building Gordon House, Barrow St, Dublin 4, Irland (nachfolgend bezeichnet als &#8222;Google&#8220;). Google Web Fonts erm\u00f6glicht uns die Verwendung externer Schriftarten. Dazu wird beim Abrufen unserer Webseite die ben\u00f6tigte Google Font von Ihrem Webbrowser in den Browsercache geladen. Dies ist notwendig damit Ihr Browser eine optisch verbesserte Darstellung unserer Texte anzeigen kann. Wenn Ihr Browser diese Funktion nicht unterst\u00fctzt, wird eine Standardschrift von Ihrem Computer zur Anzeige genutzt. Die Einbindung dieser Web Fonts erfolgt durch einen Serveraufruf, in der Regel bei einem Server von Google in den USA. Hierdurch wird an den Server \u00fcbermittelt, welche unserer Internetseiten Sie besucht haben. Auch wird die IP-Adresse des Browsers Ihres Endger\u00e4tes von Google gespeichert. Wir haben keinen Einfluss auf den Umfang und die weitere Verwendung der Daten, die durch den Einsatz von Google Web Fonts durch Google erhoben und verarbeitet werden.<\/p>\n<p>Wir verwenden Google Web Fonts zu Optimierungszwecken, insbesondere um die Nutzung unserer Webseite f\u00fcr Sie zu verbessern und um deren Ausgestaltung nutzerfreundlicher zu machen. Hierin liegt auch unser berechtigtes Interesse an der Verarbeitung der vorstehenden Daten durch den Drittanbieter. Rechtsgrundlage ist Art. 6 Abs. 1 S. 1 lit. f) DSGVO.<\/p>\n<p>Informationen des Drittanbieters: Google Ireland Limited, Google Building Gordon House, Barrow St, Dublin 4, Irland<\/p>\n<p>Weitere Informationen zum Datenschutz k\u00f6nnen Sie der Datenschutzerkl\u00e4rung von Google entnehmen: https:\/\/policies.google.com\/privacy?hl=de&amp;gl=de<\/p>\n<p>Weitergehende Informationen zu Google Web Fonts finden Sie unter https:\/\/fonts.google.com\/, https:\/\/developers.google.com\/fonts\/faq?hl=de-DE&amp;csw=1 und https:\/\/www.google.com\/fonts#AboutPlace:about<\/p>\n<p><\/p>\n<p><\/p>\n<style>@font-face<br \/>\t{font-family:\"Cambria Math\";<br \/>\tpanose-1:2 4 5 3 5 4 6 3 2 4;<br \/>\tmso-font-charset:0;<br \/>\tmso-generic-font-family:roman;<br \/>\tmso-font-pitch:variable;<br \/>\tmso-font-signature:-536870145 1107305727 0 0 415 0;}@font-face<br \/>\t{font-family:Calibri;<br \/>\tpanose-1:2 15 5 2 2 2 4 3 2 4;<br \/>\tmso-font-charset:0;<br \/>\tmso-generic-font-family:swiss;<br \/>\tmso-font-pitch:variable;<br \/>\tmso-font-signature:-536859905 -1073732485 9 0 511 0;}@font-face<br \/>\t{font-family:Consolas;<br \/>\tpanose-1:2 11 6 9 2 2 4 3 2 4;<br \/>\tmso-font-charset:0;<br \/>\tmso-generic-font-family:modern;<br \/>\tmso-font-pitch:fixed;<br \/>\tmso-font-signature:-520092929 1073806591 9 0 415 0;}p.MsoNormal, li.MsoNormal, div.MsoNormal<br \/>\t{mso-style-unhide:no;<br \/>\tmso-style-qformat:yes;<br \/>\tmso-style-parent:\"\";<br \/>\tmargin:0cm;<br \/>\tmso-pagination:widow-orphan;<br \/>\tfont-size:12.0pt;<br \/>\tfont-family:\"Calibri\",sans-serif;<br \/>\tmso-ascii-font-family:Calibri;<br \/>\tmso-ascii-theme-font:minor-latin;<br \/>\tmso-fareast-font-family:Calibri;<br \/>\tmso-fareast-theme-font:minor-latin;<br \/>\tmso-hansi-font-family:Calibri;<br \/>\tmso-hansi-theme-font:minor-latin;<br \/>\tmso-bidi-font-family:\"Times New Roman\";<br \/>\tmso-bidi-theme-font:minor-bidi;<br \/>\tmso-fareast-language:EN-US;}p.MsoPlainText, li.MsoPlainText, div.MsoPlainText<br \/>\t{mso-style-priority:99;<br \/>\tmso-style-link:\"Nur Text Zchn\";<br \/>\tmargin:0cm;<br \/>\tmso-pagination:widow-orphan;<br \/>\tfont-size:10.5pt;<br \/>\tfont-family:Consolas;<br \/>\tmso-fareast-font-family:Calibri;<br \/>\tmso-fareast-theme-font:minor-latin;<br \/>\tmso-fareast-language:EN-US;}span.NurTextZchn<br \/>\t{mso-style-name:\"Nur Text Zchn\";<br \/>\tmso-style-priority:99;<br \/>\tmso-style-unhide:no;<br \/>\tmso-style-locked:yes;<br \/>\tmso-style-link:\"Nur Text\";<br \/>\tmso-ansi-font-size:10.5pt;<br \/>\tmso-bidi-font-size:10.5pt;<br \/>\tfont-family:Consolas;<br \/>\tmso-ascii-font-family:Consolas;<br \/>\tmso-hansi-font-family:Consolas;<br \/>\tmso-bidi-font-family:Consolas;}.MsoChpDefault<br \/>\t{mso-style-type:export-only;<br \/>\tmso-default-props:yes;<br \/>\tfont-family:\"Calibri\",sans-serif;<br \/>\tmso-ascii-font-family:Calibri;<br \/>\tmso-ascii-theme-font:minor-latin;<br \/>\tmso-fareast-font-family:Calibri;<br \/>\tmso-fareast-theme-font:minor-latin;<br \/>\tmso-hansi-font-family:Calibri;<br \/>\tmso-hansi-theme-font:minor-latin;<br \/>\tmso-bidi-font-family:\"Times New Roman\";<br \/>\tmso-bidi-theme-font:minor-bidi;<br \/>\tmso-fareast-language:EN-US;}div.WordSection1<br \/>\t{page:WordSection1;}<\/style>\n<p><\/p>\n<p><\/p>\n<p><strong>Auskunft<\/strong><\/p>\n<p>Sie haben jederzeit das Recht auf unentgeltliche Auskunft \u00fcber Ihre gespeicherten personenbezogenen Daten, deren Herkunft und Empf\u00e4nger und den Zweck der Datenverarbeitung sowie ein Recht auf Berichtigung, Sperrung oder L\u00f6schung dieser Daten. Hierzu sowie zu weiteren Fragen zumThema personenbezogene Daten k\u00f6nnen Sie sich jederzeit unter der im Impressum angegebenen Adresse an uns wenden.<\/p>\n<p><strong>L\u00f6schung<br><\/strong><br>Nur mit Ihrer ausdr\u00fccklichen Einwilligung sind einige Vorg\u00e4nge der Datenverarbeitung m\u00f6glich. Ein Widerruf Ihrer bereits erteilten Einwilligung ist jederzeit m\u00f6glich. F\u00fcr den Widerruf gen\u00fcgt eine formlose Mitteilung per E-Mail. Die Rechtm\u00e4\u00dfigkeit der bis zum Widerruf erfolgten Datenverarbeitung bleibt vom Widerruf unber\u00fchrt. Recht auf Beschwerde bei der zust\u00e4ndigen Aufsichtsbeh\u00f6rde. Als Betroffener steht Ihnen im Falle eines datenschutzrechtlichen Versto\u00dfes ein Beschwerderecht bei der zust\u00e4ndigen Aufsichtsbeh\u00f6rde zu. Zust\u00e4ndigeAufsichtsbeh\u00f6rde bez\u00fcglich datenschutzrechtlicher Fragen ist der Landesdatenschutzbeauftragte des Bundeslandes, in dem sich der Sitz unseres Unternehmens befindet. <a href=\"https:\/\/www.bfdi.bund.de\/DE\/Infothek\/Anschriften_Links\/anschriften_links-node.html\">Der folgende Link stellt eine Liste der Datenschutzbeauftragten sowie deren Kontaktdaten bereit.<\/a><\/p>\n<p><strong>\u00c4nderungen dieser Datenschutzbestimmungen<\/strong><\/p>\n<p>Wir werden diese Richtlinien zum Schutz Ihrer pers\u00f6nlichen Daten von Zeit zu Zeit aktualisieren. Sie sollten sich diese Richtlinien gelegentlich ansehen, um auf dem laufenden dar\u00fcber zu bleiben, wie wir Ihre Daten sch\u00fctzen und die Inhalte unserer Website stetig verbessern. Sollten wir wesentliche \u00c4nderungen bei der Sammlung, der Nutzung und\/oder der Weitergabe der uns von Ihnen zur Verf\u00fcgung gestellten personenbezogenen Daten vornehmen, werden wir Sie durch einen eindeutigen und gut sichtbaren Hinweis auf der Website darauf aufmerksam machen. Mit der Nutzung der Webseite erkl\u00e4ren Sie sich mit den Bedingungen dieser Richtlinien zum Schutz pers\u00f6nlicher Daten einverstanden.<\/p>\n<p><strong>Beschwerdestelle<\/strong><\/p>\n<p>Sie haben die M\u00f6glichkeit, sich mit einer Beschwerde im Zusammenhang mit der Datenverarbeitung an die f\u00fcr uns zust\u00e4ndige Datenschutzaufsicht zu wenden:<\/p>\n<p>Die Landesbeauftragte f\u00fcr Datenschutz und Informationsfreiheit<br>Frau Dr. Imke Sommer<br>Arndtstra\u00dfe 1<br>27570 Bremerhaven<br>Tel 0421 3612010 oder 0471 5962010<br>E-Mail office@datenschutz.bremen.de<\/p>\n<\/div>\t\t\t\t\t\t\t\t<\/div>\n\t\t\t\t<\/div>\n\t\t\t\t<div class=\"elementor-element elementor-element-ebbd4b8 elementor-widget elementor-widget-spacer\" data-id=\"ebbd4b8\" data-element_type=\"widget\" data-e-type=\"widget\" data-widget_type=\"spacer.default\">\n\t\t\t\t<div class=\"elementor-widget-container\">\n\t\t\t\t\t\t\t<div class=\"elementor-spacer\">\n\t\t\t<div class=\"elementor-spacer-inner\"><\/div>\n\t\t<\/div>\n\t\t\t\t\t\t<\/div>\n\t\t\t\t<\/div>\n\t\t\t\t\t<\/div>\n\t\t<\/div>\n\t\t\t\t<div class=\"elementor-column elementor-col-50 elementor-top-column elementor-element elementor-element-c15ada6\" data-id=\"c15ada6\" data-element_type=\"column\" data-e-type=\"column\">\n\t\t\t<div class=\"elementor-widget-wrap\">\n\t\t\t\t\t\t\t<\/div>\n\t\t<\/div>\n\t\t\t\t\t<\/div>\n\t\t<\/section>\n\t\t\t\t<\/div>\n\t\t<div class=\"clearfix\"><\/div>","protected":false},"excerpt":{"rendered":"<p>DATENSCHUTZ \u00a0 HINWEISE zum Datenschutz Der Schutz und die Sicherheit Ihrer pers\u00f6nlichen Daten ist uns sehr wichtig und hat einen hohen Stellenwert f\u00fcr uns. Wir halten uns daher konsequent an die aktuellen Datenschutzvorgaben. Im Folgenden informieren wir Sie, wie und f\u00fcr welchen Zweck Daten erhoben und verarbeitet werden. Die verantwortliche Stelle f\u00fcr die Datenverarbeitung auf [&hellip;]<\/p>\n","protected":false},"author":1,"featured_media":0,"parent":0,"menu_order":0,"comment_status":"closed","ping_status":"closed","template":"page_page_builder.php","meta":{"footnotes":""},"class_list":["post-798","page","type-page","status-publish","hentry"],"_links":{"self":[{"href":"https:\/\/frese-stiftung.de\/index.php?rest_route=\/wp\/v2\/pages\/798","targetHints":{"allow":["GET"]}}],"collection":[{"href":"https:\/\/frese-stiftung.de\/index.php?rest_route=\/wp\/v2\/pages"}],"about":[{"href":"https:\/\/frese-stiftung.de\/index.php?rest_route=\/wp\/v2\/types\/page"}],"author":[{"embeddable":true,"href":"https:\/\/frese-stiftung.de\/index.php?rest_route=\/wp\/v2\/users\/1"}],"replies":[{"embeddable":true,"href":"https:\/\/frese-stiftung.de\/index.php?rest_route=%2Fwp%2Fv2%2Fcomments&post=798"}],"version-history":[{"count":28,"href":"https:\/\/frese-stiftung.de\/index.php?rest_route=\/wp\/v2\/pages\/798\/revisions"}],"predecessor-version":[{"id":1103,"href":"https:\/\/frese-stiftung.de\/index.php?rest_route=\/wp\/v2\/pages\/798\/revisions\/1103"}],"wp:attachment":[{"href":"https:\/\/frese-stiftung.de\/index.php?rest_route=%2Fwp%2Fv2%2Fmedia&parent=798"}],"curies":[{"name":"wp","href":"https:\/\/api.w.org\/{rel}","templated":true}]}}